 - 117. Let g(y) = x - y - 5*y - 100. Let k be -5 + 12/4 + 1. What is g(k)?
7
Let f(m) = 21 + 2*m - 4*m + 6*m**2 - m - 7*m**2 + 62. Determine f(8).
-5
Let y(n) = -13*n**2 - 36*n - 67. Let h(a) = -14*a**2 - 37*a - 83. Let p(z) = 6*h(z) - 7*y(z). Calculate p(1).
8
Let n = -67 - -25. Let t = n + 50. Let v(k) = -14*k - 14. Let w(s) = -37*s - 41. Let x(h) = -8*v(h) + 3*w(h). What is x(t)?
-3
Let f = -593 - -609. Let k(b) = -48*b**2 + 1 + b + f*b**2 - 3*b. Calculate k(1).
-33
Let d(r) = r**2 + 2*r - 13. Let z = -11 + 13. Suppose z*h - 18 = 4*w + h, 4*w - 3*h = -22. What is d(w)?
-5
Suppose 101*u - 40 = 99*u. Let q be ((-35)/u - 0)*4. Let s(j) = -3*j. What is s(q)?
21
Let y(h) = h**2 + 15*h - 247. Let c be y(10). Let a(v) be the second derivative of -v**2 + 1/12*v**4 + 0 + 0*v**c + 2*v. Determine a(-2).
2
Let v(l) = l**3 - 5*l**2 - 84*l + 4. Suppose 2*u = 226*t - 223*t - 41, -3*t = 4*u + 1. Determine v(u).
4
Let z = 37263 + -37264. Let i(h) = 24*h**3 - 6*h - 5. Determine i(z).
-23
Let k(a) = -a + 2. Let m = -122 + 125. Suppose 14*s + 4*v - 5 = 15*s, 2*s - m*v - 5 = 0. Let q(t) = 7*t - 42. Let p be q(s). Calculate k(p).
-5
Suppose -2*r - s + 6 = 0, -2 = r + 3*s - 5. Let u(z) = 7*z**2 - z**r - 2*z**2 + 5*z**2 + 41 - 92 + 40 + 12*z. What is u(11)?
0
Let m(v) = v**3 - 4*v**2 - 51*v + 6. Let b(s) = 2*s**3 - 4*s**2 - 76*s + 7. Let h(p) = 2*b(p) - 3*m(p). Let n = 3 + -7. Determine h(n).
-8
Let l(x) = -2*x**2 + 3*x - 5. Let q = 90 + -88. Determine l(q).
-7
Suppose -5*y - 3 = 2*x, 9 = 2*y - x + 3. Let l(h) = y + 2*h + 0 - 2*h + h + 2. What is l(6)?
9
Let g be ((-2453)/22)/(2/4). Let c = g + 233. Let h(m) = m**2 - 9*m - 7. Give h(c).
3
Suppose -214*m = -217*m + 51. Let n(c) = 20*c**3 + 7*c**2 - 2*c + 8. Let d(f) = -7*f**3 - 2*f**2 + f - 3. Let y(r) = m*d(r) + 6*n(r). Give y(-7).
11
Let m be (0 + 0)/(11 + -14) + 2. Let k(f) = 1 - 3*f**2 + 2*f**m + 2 - 2. Calculate k(-1).
0
Let g(a) = -209*a - 180*a + 394 + 233 + 370*a. Calculate g(33).
0
Let w(q) = -26*q - 859. Let t be w(-33). Let c(j) = 5*j**3 - 22*j - 23. Determine c(t).
-6
Let y(h) = 0*h**2 - 20 - 18*h - h**2 - 23 + 75. Determine y(-20).
-8
Let l(t) = 19*t + 165. Let v be l(-11). Suppose 113 - 17 = 2*x. Let a = x + v. Let s(r) = -2*r + 6. Calculate s(a).
-2
Let z(l) = -14 - 21*l**2 - 48*l**2 - 12*l + 21*l**2 + 25*l**2 + 24*l**2. Calculate z(14).
14
Let k be 236/(-16)*-6*(7 + -5). Let s(i) = -k - 172 + i + 348 - i**2. What is s(3)?
-7
Suppose 0 = -4*k + k + 102. Let y = k - 32. Let g(t) be the third derivative of t**4/12 + t**3/3 + 44*t**2. Calculate g(y).
6
Suppose -64*w + 72*w - 24 = 0. Let c(g) = -5*g**2 - 10*g - 17 - w*g**2 + 8*g**2 - g**2. Determine c(-8).
-1
Let v(i) = -i**2 - 19*i - 15. Let d be v(-19). Let m be ((-36)/d)/((-2)/(-10)). Let c be 2 - (15/m)/((-1)/4). Let u(z) = 3*z - 8. Determine u(c).
13
Let x(d) = 13*d + 26. Let p(b) = -16*b - 27. Suppose 0 = -3*r + 21*r + 108. Let o(z) = r*x(z) - 5*p(z). What is o(11)?
1
Suppose 3682*a = 3732*a + 427 - 127. Let z(f) = -3*f**2 - 23*f - 17. Let o(j) = j**2 + 8*j + 6. Let y(u) = 8*o(u) + 3*z(u). Give y(a).
-9
Let j(z) = 4*z - 17*z + 4*z - 5*z + 30 - 14*z. Give j(5).
-110
Let v(f) = -79*f**3 + 27*f**2 + 8*f + 1. Let g(x) = -21*x**3 + 7*x**2 + 2*x. Let i(d) = -15*g(d) + 4*v(d). What is i(6)?
-92
Let x(u) = -u**3 + 18*u**2 + 18*u - 9. Let c(v) = 5*v**2 + 24*v - 49. Let p be c(2). Calculate x(p).
-28
Let b(r) be the third derivative of -r**5/24 - 15*r**3 + r**2 + 57*r. Let q(u) be the first derivative of b(u). Let x = 0 + 1. Calculate q(x).
-5
Let a be (5/2 - 6/12) + -5. Let n(w) be the second derivative of w**5/20 + w**4/4 - 2*w**2 + 31*w. Give n(a).
-4
Let x(c) be the first derivative of -c**4/4 - 10*c**3/3 - 5*c**2 + c + 27. Let w(s) = -16 + s**2 - 2*s - 3*s - s. Let p be w(7). Calculate x(p).
10
Suppose -3*r + 22*y = 26*y - 260, -2*y + 330 = 4*r. Suppose -81*m + 1 = -r*m. Let i(z) = -4*z**2 - 4*z + 1. What is i(m)?
-7
Let u(z) = z**2 - 37*z + 22. Let m(t) = -4*t**3 - 257*t**2 - 62*t + 165. Let f be m(-64). What is u(f)?
22
Let x be 22 - (4/(-18) + (-336)/(-54)). Let f(b) = -b**2 + 15*b + 7. What is f(x)?
-9
Let g(p) = 3*p**3 - 22*p**2 - 5*p - 7. Let i(u) = 9*u**3 - 71*u**2 - 16*u - 23. Let o(f) = -10*g(f) + 3*i(f). Give o(5).
-189
Let r(d) = 3*d + 11. Let s be (5/6)/(60/360). Suppose -a - 3*a - 2*l = 22, 2*a - 1 = -s*l. Determine r(a).
-10
Let s be ((-3)/2)/((1 + 0)/(-46)). Let d = 73 - s. Let i be d - ((-28)/(-4) + 0). Let c(n) = n**3 + 3*n**2 + 3*n - 2. Give c(i).
-11
Let f(t) = -8*t - 13 - 2*t**2 - 92348*t**3 - 5*t**2 + 92347*t**3. Calculate f(-6).
-1
Let v(p) be the second derivative of -p**6/360 + p**5/120 + p**4/8 + p**3 - 5*p**2 - 21*p. Let w(b) be the second derivative of v(b). Determine w(2).
1
Suppose -86 = -5*q + h, -22 = -q + 7*h - 2*h. Let v(o) = -3*o - 22. What is v(q)?
-73
Suppose -1674*u - 2*m - 24 = -1669*u, 0 = 2*u - 4*m + 24. Let x(g) be the second derivative of -g**4/12 - 3*g**3/2 - 9*g**2/2 - 2*g. Give x(u).
9
Let h be (3 + -4)/((-1)/135). Let j be ((-3)/5)/((-9)/h). Let u(p) be the third derivative of -p**4/12 + 5*p**3/3 - p**2. Give u(j).
-8
Let r(i) be the first derivative of -4*i**3 + 79*i**2/2 + 7*i + 3638. Determine r(7).
-28
Suppose -3*y - 3*l = -2*y - 30, 0 = -2*y - 5*l + 56. Let n be 12/y*(-3)/(-2) + 1. Let g(b) = 2*b**2 + b + 2 - b**n + 3*b + 1. Give g(-4).
3
Let q(x) = x**2 + 12*x + 31. Suppose 20*h + 3*g = 21*h, 2*g + 17 = -5*h. Let u be q(h). Let o(k) be the first derivative of -2*k**2 + 6*k - 3. Give o(u).
-10
Let i(o) = 14*o**3 - o**2 + o - 1. Let c = 222 + -371. Let k = c - -150. What is i(k)?
13
Let l be 2 + -2 - -5*4. Let p(x) = -x**3 - 30*x**2 + 29*x - 49. Let n be p(-31). Let g(h) = -5*h**3 + n + 6 - l. Calculate g(1).
-6
Let g(b) = 2. Let l(p) be the third derivative of -5*p**4/24 - 11*p**3/6 - 41*p**2. Let m(i) = -5*g(i) - l(i). What is m(-2)?
-9
Let s(z) be the second derivative of -2*z**5 - z**4/12 - z**3/6 + z**2/2 - 11*z. Suppose 37*m - 85 + 48 = 0. Determine s(m).
-41
Let v = 25 - 17. Suppose v*j = -4*j - 84. Let r(q) = -5*q**2 - 4*q - 5. Let l(o) = -3*o**2 - 2*o - 3. Let i(u) = j*l(u) + 4*r(u). What is i(-2)?
9
Let t(c) = -c**2 + 6*c + 8. Let v(u) = 2*u**2 - 11*u - 17. Let h(b) = -10*b + 74. Let i be h(8). Let g(d) = i*v(d) - 13*t(d). Give g(7).
-37
Let m(r) = -5*r**3 - 4*r**2 + 9*r + 2. Let l(k) = -k**3 - k**2 + 1. Let g(b) = 3*l(b) - m(b). Let q(o) be the second derivative of g(o). Give q(-3).
-34
Let i(r) = r - 10. Let y(n) be the third derivative of n**6/120 - n**4/24 + 5*n**2. Let t be y(2). Suppose -6 = 8*a - t*a, 3*h = 3*a + 36. Calculate i(h).
-1
Let p be (-31)/(-3) - (6 - (-238)/(-42)). Let d(c) = 2*c**3 - 19*c**2 - 14*c + 28. What is d(p)?
-12
Let w be 1640/164 + (-10)/(-2). Let c(v) = -7*v + 101. Give c(w).
-4
Let r(z) be the second derivative of z**3/2 - 24*z**2 - 1036*z. Give r(10).
-18
Let d(f) be the third derivative of f**5/60 - 7*f**4/24 + 5*f**3/6 + 442*f**2. Determine d(5).
-5
Let r(a) = -42*a**2 + 8. Let j(h) = -3 + 51*h**2 + 47*h**2 - 123*h**2 + 47*h**2. Let w(y) = 5*j(y) + 2*r(y). Give w(1).
27
Suppose -5*a + 177 = -4*y, 3*a + a + 4*y - 156 = 0. Suppose a = -j + 52. Let z(m) = -m**3 + 14*m**2 + 15*m + 10. Calculate z(j).
10
Let h(x) = -4*x**2 - x**3 - x**2 + 2*x + 2*x**3. Let b be -1*(-75)/((-15)/3). Let u be (b/6)/(5/(-8)). What is h(u)?
-8
Let l(o) = -4*o**2 - 12*o + 6. Let i be l(-3). Let r(m) = -3*m - 10. Let d(w) = 2*w + 9. Let u(t) = i*r(t) + 7*d(t). What is u(3)?
-9
Let v(l) = -9*l**2 - 25*l + 8. Let q(u) = 11*u**2 + 30*u - 7. Let j(f) = 4*q(f) + 5*v(f). What is j(-5)?
12
Let u(y) = 88*y**2 - 4*y - 30. Let c(p) = -279*p**2 + 11*p + 90. Let m(k) = 6*c(k) + 19*u(k). Calculate m(-5).
-30
Let y be -10 + 328/(-72) - 4/9. Let x(i) = -i**2 - 18*i + 7. What is x(y)?
52
Let u(m) = -4*m + 25. Let x be (6/4)/(126/(-588)). Let w(y) = -3*y + 16. Let j(r) = x*w(r) + 5*u(r). Determine j(-5).
8
Let q(s) = -s**2 + s + 174. Let c be q(-13). Let t(i) be the first derivative of -i**4/24 + 2*i**2 - 3. Let x(h) be the second derivative of t(h). What is x(c)?
8
Let j(l) = -2*l**2 - 14*l + 6. Suppose 0 = -80*k + 81*k + 2*c + 12, -3*k - 5*c = 34. Give j(k).
-10
Let t = -5 + 5. Let z(y) = -y - 10. Suppose -4*r + 37 = 13. Let l(b) = -b - 9. Let w(s) = r*z(s) - 7*l(s). Calculate w(t).
3
Let j(g) = -